{"id":4799,"date":"2025-08-11T16:44:08","date_gmt":"2025-08-11T16:44:08","guid":{"rendered":"https:\/\/www.qiaoxin.link\/?page_id=4799"},"modified":"2025-08-11T17:10:10","modified_gmt":"2025-08-11T17:10:10","slug":"decoria-wood-5301-nodic-oak","status":"publish","type":"page","link":"https:\/\/www.qiaoxin.link\/index.php\/decoria-wood-5301-nodic-oak\/","title":{"rendered":"DECORIA WOOD\u6a39\u7cfb\u5217\uff5c5301 \u5317\u6b50\u6a61\u6728 Nodic Oak"},"content":{"rendered":"\t\t<div data-elementor-type=\"wp-page\" data-elementor-id=\"4799\" class=\"elementor elementor-4799\">\n\t\t\t\t\t\t<section class=\"elementor-section elementor-top-section elementor-element elementor-element-7116496 elementor-section-boxed elementor-section-height-default elementor-section-height-default\" data-id=\"7116496\" data-element_type=\"section\">\n\t\t\t\t\t\t<div class=\"elementor-container elementor-column-gap-default\">\n\t\t\t\t\t<div class=\"elementor-column elementor-col-100 elementor-top-column elementor-element elementor-element-d7513c3\" data-id=\"d7513c3\" data-element_type=\"column\">\n\t\t\t<div class=\"elementor-widget-wrap elementor-element-populated\">\n\t\t\t\t\t\t<div class=\"elementor-element elementor-element-56076c6 elementor-shape-circle e-grid-align-right elementor-grid-0 elementor-widget elementor-widget-social-icons\" data-id=\"56076c6\" data-element_type=\"widget\" data-widget_type=\"social-icons.default\">\n\t\t\t\t<div class=\"elementor-widget-container\">\n\t\t\t\t\t\t\t<div class=\"elementor-social-icons-wrapper elementor-grid\" role=\"list\">\n\t\t\t\t\t\t\t<span class=\"elementor-grid-item\" role=\"listitem\">\n\t\t\t\t\t<a class=\"elementor-icon elementor-social-icon elementor-social-icon-facebook elementor-repeater-item-1c694cf\" href=\"https:\/\/www.facebook.com\/people\/%E6%A8%B5%E6%A8%B5%E5%9C%B0%E6%9D%BF%E7%B3%BB%E7%B5%B1%E5%82%A2%E4%BF%B1\/100063976053057\/\" target=\"_blank\">\n\t\t\t\t\t\t<span class=\"elementor-screen-only\">Facebook<\/span>\n\t\t\t\t\t\t<i class=\"fab fa-facebook\"><\/i>\t\t\t\t\t<\/a>\n\t\t\t\t<\/span>\n\t\t\t\t\t\t\t<span class=\"elementor-grid-item\" role=\"listitem\">\n\t\t\t\t\t<a class=\"elementor-icon elementor-social-icon elementor-social-icon-line elementor-repeater-item-21e09a0\" href=\"https:\/\/lin.ee\/FfESCr0\" target=\"_blank\">\n\t\t\t\t\t\t<span class=\"elementor-screen-only\">Line<\/span>\n\t\t\t\t\t\t<i class=\"fab fa-line\"><\/i>\t\t\t\t\t<\/a>\n\t\t\t\t<\/span>\n\t\t\t\t\t\t\t<span class=\"elementor-grid-item\" role=\"listitem\">\n\t\t\t\t\t<a class=\"elementor-icon elementor-social-icon elementor-social-icon-instagram elementor-repeater-item-f354ac1\" href=\"https:\/\/instagram.com\/qiaoxin0301?igshid=YmMyMTA2M2Y=\" target=\"_blank\">\n\t\t\t\t\t\t<span class=\"elementor-screen-only\">Instagram<\/span>\n\t\t\t\t\t\t<i class=\"fab fa-instagram\"><\/i>\t\t\t\t\t<\/a>\n\t\t\t\t<\/span>\n\t\t\t\t\t<\/div>\n\t\t\t\t\t\t<\/div>\n\t\t\t\t<\/div>\n\t\t\t\t\t<\/div>\n\t\t<\/div>\n\t\t\t\t\t<\/div>\n\t\t<\/section>\n\t\t\t\t<section class=\"elementor-section elementor-top-section elementor-element elementor-element-6dc6e71 elementor-section-boxed elementor-section-height-default elementor-section-height-default\" data-id=\"6dc6e71\" data-element_type=\"section\">\n\t\t\t\t\t\t<div class=\"elementor-container elementor-column-gap-default\">\n\t\t\t\t\t<div class=\"elementor-column elementor-col-50 elementor-top-column elementor-element elementor-element-b3867c7\" data-id=\"b3867c7\" data-element_type=\"column\">\n\t\t\t<div class=\"elementor-widget-wrap elementor-element-populated\">\n\t\t\t\t\t\t<div class=\"elementor-element elementor-element-292efd0 elementor-widget__width-initial elementor-widget elementor-widget-text-editor\" data-id=\"292efd0\" data-element_type=\"widget\" data-widget_type=\"text-editor.default\">\n\t\t\t\t<div class=\"elementor-widget-container\">\n\t\t\t\t\t\t\t\t\t<h5 class=\"entry-title\">DECORIA WOOD\u6a39\u7cfb\u5217\uff5c5301 \u5317\u6b50\u6a61\u6728 Nodic Oak<\/h5>\t\t\t\t\t\t\t\t<\/div>\n\t\t\t\t<\/div>\n\t\t\t\t<div class=\"elementor-element elementor-element-1166e91 elementor-arrows-position-inside elementor-pagination-position-outside elementor-widget elementor-widget-image-carousel\" data-id=\"1166e91\" data-element_type=\"widget\" data-settings=\"{&quot;slides_to_show&quot;:&quot;1&quot;,&quot;navigation&quot;:&quot;both&quot;,&quot;autoplay&quot;:&quot;yes&quot;,&quot;pause_on_hover&quot;:&quot;yes&quot;,&quot;pause_on_interaction&quot;:&quot;yes&quot;,&quot;autoplay_speed&quot;:5000,&quot;infinite&quot;:&quot;yes&quot;,&quot;effect&quot;:&quot;slide&quot;,&quot;speed&quot;:500}\" data-widget_type=\"image-carousel.default\">\n\t\t\t\t<div class=\"elementor-widget-container\">\n\t\t\t\t\t\t\t<div class=\"elementor-image-carousel-wrapper swiper\" role=\"region\" aria-roledescription=\"carousel\" aria-label=\"\u5716\u7247\u8f49\u76e4\" dir=\"ltr\">\n\t\t\t<div class=\"elementor-image-carousel swiper-wrapper\" aria-live=\"off\">\n\t\t\t\t\t\t\t\t<div class=\"swiper-slide\" role=\"group\" aria-roledescription=\"slide\" aria-label=\"1 of 1\"><figure class=\"swiper-slide-inner\"><img decoding=\"async\" class=\"swiper-slide-image\" src=\"https:\/\/www.qiaoxin.link\/wp-content\/uploads\/2022\/10\/5301-3-1024x589.jpg\" alt=\"\u25b25301 \u5317\u6b50\u6a61\u6728 Nodic Oak\" \/><\/figure><\/div>\t\t\t<\/div>\n\t\t\t\t\t<\/div>\n\t\t\t\t\t\t<\/div>\n\t\t\t\t<\/div>\n\t\t\t\t\t<\/div>\n\t\t<\/div>\n\t\t\t\t<div class=\"elementor-column elementor-col-50 elementor-top-column elementor-element elementor-element-9e52dc3\" data-id=\"9e52dc3\" data-element_type=\"column\">\n\t\t\t<div class=\"elementor-widget-wrap elementor-element-populated\">\n\t\t\t\t\t\t<div class=\"elementor-element elementor-element-0fbb0a0 elementor-widget elementor-widget-image\" data-id=\"0fbb0a0\" data-element_type=\"widget\" data-widget_type=\"image.default\">\n\t\t\t\t<div class=\"elementor-widget-container\">\n\t\t\t\t\t\t\t\t\t\t\t\t\t\t\t<img fetchpriority=\"high\" decoding=\"async\" width=\"669\" height=\"252\" src=\"https:\/\/www.qiaoxin.link\/wp-content\/uploads\/2022\/10\/D-1.jpg\" class=\"attachment-medium_large size-medium_large wp-image-3297\" alt=\"\" srcset=\"https:\/\/www.qiaoxin.link\/wp-content\/uploads\/2022\/10\/D-1.jpg 669w, https:\/\/www.qiaoxin.link\/wp-content\/uploads\/2022\/10\/D-1-300x113.jpg 300w, https:\/\/www.qiaoxin.link\/wp-content\/uploads\/2022\/10\/D-1-600x226.jpg 600w\" sizes=\"(max-width: 669px) 100vw, 669px\" \/>\t\t\t\t\t\t\t\t\t\t\t\t\t\t\t<\/div>\n\t\t\t\t<\/div>\n\t\t\t\t<div class=\"elementor-element elementor-element-437629a elementor-widget__width-initial elementor-widget elementor-widget-text-editor\" data-id=\"437629a\" data-element_type=\"widget\" data-widget_type=\"text-editor.default\">\n\t\t\t\t<div class=\"elementor-widget-container\">\n\t\t\t\t\t\t\t\t\t<h4 style=\"text-align: left;\"><b><span lang=\"EN-US\">100%\u8010\u9ad2<\/span><\/b><b><span lang=\"EN-US\"><br \/><\/span>\u7384\u95dc\u548c\u5eda\u623f\u5730\u677f\u7684\u7406\u60f3\u9078\u64c7\uff0c\u5373\u4f7f\u7a7f\u8457\u6f6e\u6fd5\u9aaf\u9ad2\u7684\u978b\u5b50\uff0c\u6216\u5168\u8eab\u6fd5\u7b54\u7b54\u7684\u56de\u5230\u5bb6\uff0c\u4e5f\u80fd\u5b8c\u5168\u52dd\u4efb\u9019\u4e9b\u72c0\u614b\u7684\u5730\u3002<\/b><\/h4><h4 style=\"text-align: left;\"><b><span lang=\"EN-US\"><br \/>100%<\/span><\/b><b>\u8212\u9069\u611f<span lang=\"EN-US\"><br \/>DECORIA\u00a0<\/span>\u5730\u677f\u4ee5<span lang=\"EN-US\">&#8220;<\/span>\u8212\u9069<span lang=\"EN-US\">&#8220;<\/span>\u4f5c\u70ba\u5176\u6700\u7d14\u7cb9\u7684\u8c61\u5fb5\u3002\u5b83\u5145\u5206\u6eff\u8db3\u4e86\u60a8\u6240\u6709\u611f\u89c0\uff0c\u4ee4\u4eba\u611f\u5230\u6eab\u6696\u7684\u89f8\u611f\uff0c\u4ee5\u53ca\u8173\u4e0b\u8212\u9069\u7684\u8e29\u8e0f\u611f<\/b><b>\u3002<\/b><\/h4>\t\t\t\t\t\t\t\t<\/div>\n\t\t\t\t<\/div>\n\t\t\t\t<div class=\"elementor-element elementor-element-ae8975c elementor-widget elementor-widget-text-editor\" data-id=\"ae8975c\" data-element_type=\"widget\" data-widget_type=\"text-editor.default\">\n\t\t\t\t<div class=\"elementor-widget-container\">\n\t\t\t\t\t\t\t\t\t<hr \/><h4>\u5c3a\u5bf8\uff1a<\/h4><h4><span style=\"color: #212529; font-family: Raleway, sans-serif; font-size: 16px; font-weight: 400; letter-spacing: normal;\">\u00a0177.8mm\u00d71219mm\u00d73.0mm\u00d70.3mm\u8010\u78e8\u5c64<\/span><\/h4><h4>\u539a\u5ea6\uff1a<\/h4><h4><span style=\"color: #212529; font-family: Raleway, sans-serif; font-size: 16px; font-weight: 400; letter-spacing: normal;\">3.0mm<\/span><\/h4><h4>\u5b89\u88dd\u65b9\u5f0f\uff1a<\/h4><h4><span style=\"color: #212529; font-family: Raleway, sans-serif; font-size: 16px; font-weight: 400; letter-spacing: normal;\">\u4e0a\u81a0\u9ecf\u8cbc<\/span><\/h4>\t\t\t\t\t\t\t\t<\/div>\n\t\t\t\t<\/div>\n\t\t\t\t\t<\/div>\n\t\t<\/div>\n\t\t\t\t\t<\/div>\n\t\t<\/section>\n\t\t\t\t<section class=\"elementor-section elementor-top-section elementor-element elementor-element-205457a elementor-section-boxed elementor-section-height-default elementor-section-height-default\" data-id=\"205457a\" data-element_type=\"section\">\n\t\t\t\t\t\t<div class=\"elementor-container elementor-column-gap-default\">\n\t\t\t\t\t<div class=\"elementor-column elementor-col-100 elementor-top-column elementor-element elementor-element-533ca83\" data-id=\"533ca83\" data-element_type=\"column\">\n\t\t\t<div class=\"elementor-widget-wrap elementor-element-populated\">\n\t\t\t\t\t\t<div class=\"elementor-element elementor-element-10722d4 elementor-align-right elementor-widget elementor-widget-button\" data-id=\"10722d4\" data-element_type=\"widget\" data-widget_type=\"button.default\">\n\t\t\t\t<div class=\"elementor-widget-container\">\n\t\t\t\t\t\t\t\t\t<div class=\"elementor-button-wrapper\">\n\t\t\t\t\t<a class=\"elementor-button elementor-button-link elementor-size-sm\" href=\"https:\/\/www.qiaoxin.link\/index.php\/decoria_tree\/\">\n\t\t\t\t\t\t<span class=\"elementor-button-content-wrapper\">\n\t\t\t\t\t\t\t\t\t<span class=\"elementor-button-text\">\u56de\u4e0a\u4e00\u9801<\/span>\n\t\t\t\t\t<\/span>\n\t\t\t\t\t<\/a>\n\t\t\t\t<\/div>\n\t\t\t\t\t\t\t\t<\/div>\n\t\t\t\t<\/div>\n\t\t\t\t\t<\/div>\n\t\t<\/div>\n\t\t\t\t\t<\/div>\n\t\t<\/section>\n\t\t\t\t<\/div>\n\t\t","protected":false},"excerpt":{"rendered":"<p>Facebook Line Instagram DECORI &#8230;<\/p>\n","protected":false},"author":3,"featured_media":0,"parent":0,"menu_order":0,"comment_status":"closed","ping_status":"closed","template":"","meta":{"om_disable_all_campaigns":false,"_monsterinsights_skip_tracking":false,"_monsterinsights_sitenote_active":false,"_monsterinsights_sitenote_note":"","_monsterinsights_sitenote_category":0,"footnotes":""},"class_list":["post-4799","page","type-page","status-publish","hentry"],"yoast_head":"<!-- This site is optimized with the Yoast SEO plugin v20.5 - https:\/\/yoast.com\/wordpress\/plugins\/seo\/ -->\n<title>DECORIA WOOD\u6a39\u7cfb\u5217\uff5c5301 \u5317\u6b50\u6a61\u6728 Nodic Oak -<\/title>\n<meta name=\"description\" content=\"\u6a35\u946b\u8208\u696d\u6709\u9650\u516c\u53f8 100%\u8010\u9ad2\u7384\u95dc\u548c\u5eda\u623f\u5730\u677f\u7684\u7406\u60f3\u9078\u64c7\uff0c\u5373\u4f7f\u7a7f\u8457\u6f6e\u6fd5\u9aaf\u9ad2\u7684\u978b\u5b50\uff0c\u6216\u5168\u8eab\u6fd5\u7b54\u7b54\u7684\u56de\u5230\u5bb6\uff0c\u4e5f\u80fd\u5b8c\u5168\u52dd\u4efb\u9019\u4e9b\u72c0\u614b\u7684\u5730\u3002100%\u8212\u9069\u611fDECORIA\u00a0\u5730\u677f\u4ee5&quot;\u8212\u9069&quot;\u4f5c\u70ba\u5176\u6700\u7d14\u7cb9\u7684\u8c61\u5fb5\u3002\u5b83\u5145\u5206\u6eff\u8db3\u4e86\u60a8\u6240\u6709\u611f\u89c0\uff0c\u4ee4\u4eba\u611f\u5230\u6eab\u6696\u7684\u89f8\u611f\uff0c\u4ee5\u53ca\u8173\u4e0b\u8212\u9069\u7684\u8e29\u8e0f\u611f\u3002\" \/>\n<meta name=\"robots\" content=\"index, follow, max-snippet:-1, max-image-preview:large, max-video-preview:-1\" \/>\n<link rel=\"canonical\" href=\"https:\/\/www.qiaoxin.link\/index.php\/decoria-wood-5301-nodic-oak\/\" \/>\n<meta property=\"og:locale\" content=\"zh_TW\" \/>\n<meta property=\"og:type\" content=\"article\" \/>\n<meta property=\"og:title\" content=\"DECORIA WOOD\u6a39\u7cfb\u5217\uff5c5301 \u5317\u6b50\u6a61\u6728 Nodic Oak -\" \/>\n<meta property=\"og:description\" content=\"\u6a35\u946b\u8208\u696d\u6709\u9650\u516c\u53f8 100%\u8010\u9ad2\u7384\u95dc\u548c\u5eda\u623f\u5730\u677f\u7684\u7406\u60f3\u9078\u64c7\uff0c\u5373\u4f7f\u7a7f\u8457\u6f6e\u6fd5\u9aaf\u9ad2\u7684\u978b\u5b50\uff0c\u6216\u5168\u8eab\u6fd5\u7b54\u7b54\u7684\u56de\u5230\u5bb6\uff0c\u4e5f\u80fd\u5b8c\u5168\u52dd\u4efb\u9019\u4e9b\u72c0\u614b\u7684\u5730\u3002100%\u8212\u9069\u611fDECORIA\u00a0\u5730\u677f\u4ee5&quot;\u8212\u9069&quot;\u4f5c\u70ba\u5176\u6700\u7d14\u7cb9\u7684\u8c61\u5fb5\u3002\u5b83\u5145\u5206\u6eff\u8db3\u4e86\u60a8\u6240\u6709\u611f\u89c0\uff0c\u4ee4\u4eba\u611f\u5230\u6eab\u6696\u7684\u89f8\u611f\uff0c\u4ee5\u53ca\u8173\u4e0b\u8212\u9069\u7684\u8e29\u8e0f\u611f\u3002\" \/>\n<meta property=\"og:url\" content=\"https:\/\/www.qiaoxin.link\/index.php\/decoria-wood-5301-nodic-oak\/\" \/>\n<meta property=\"og:site_name\" content=\"\u6a35\u946b\u8208\u696d\u6709\u9650\u516c\u53f8\" \/>\n<meta property=\"article:publisher\" content=\"https:\/\/www.facebook.com\/profile.php?id=100063976053057\" \/>\n<meta property=\"article:modified_time\" content=\"2025-08-11T17:10:10+00:00\" \/>\n<meta property=\"og:image\" content=\"https:\/\/www.qiaoxin.link\/wp-content\/uploads\/2022\/10\/5301-3-1024x589.jpg\" \/>\n<meta name=\"twitter:card\" content=\"summary_large_image\" \/>\n<meta name=\"twitter:label1\" content=\"\u9810\u4f30\u95b1\u8b80\u6642\u9593\" \/>\n\t<meta name=\"twitter:data1\" content=\"1 \u5206\u9418\" \/>\n<!-- \/ Yoast SEO plugin. -->","yoast_head_json":{"title":"DECORIA WOOD\u6a39\u7cfb\u5217\uff5c5301 \u5317\u6b50\u6a61\u6728 Nodic Oak -","description":"\u6a35\u946b\u8208\u696d\u6709\u9650\u516c\u53f8 100%\u8010\u9ad2\u7384\u95dc\u548c\u5eda\u623f\u5730\u677f\u7684\u7406\u60f3\u9078\u64c7\uff0c\u5373\u4f7f\u7a7f\u8457\u6f6e\u6fd5\u9aaf\u9ad2\u7684\u978b\u5b50\uff0c\u6216\u5168\u8eab\u6fd5\u7b54\u7b54\u7684\u56de\u5230\u5bb6\uff0c\u4e5f\u80fd\u5b8c\u5168\u52dd\u4efb\u9019\u4e9b\u72c0\u614b\u7684\u5730\u3002100%\u8212\u9069\u611fDECORIA\u00a0\u5730\u677f\u4ee5\"\u8212\u9069\"\u4f5c\u70ba\u5176\u6700\u7d14\u7cb9\u7684\u8c61\u5fb5\u3002\u5b83\u5145\u5206\u6eff\u8db3\u4e86\u60a8\u6240\u6709\u611f\u89c0\uff0c\u4ee4\u4eba\u611f\u5230\u6eab\u6696\u7684\u89f8\u611f\uff0c\u4ee5\u53ca\u8173\u4e0b\u8212\u9069\u7684\u8e29\u8e0f\u611f\u3002","robots":{"index":"index","follow":"follow","max-snippet":"max-snippet:-1","max-image-preview":"max-image-preview:large","max-video-preview":"max-video-preview:-1"},"canonical":"https:\/\/www.qiaoxin.link\/index.php\/decoria-wood-5301-nodic-oak\/","og_locale":"zh_TW","og_type":"article","og_title":"DECORIA WOOD\u6a39\u7cfb\u5217\uff5c5301 \u5317\u6b50\u6a61\u6728 Nodic Oak -","og_description":"\u6a35\u946b\u8208\u696d\u6709\u9650\u516c\u53f8 100%\u8010\u9ad2\u7384\u95dc\u548c\u5eda\u623f\u5730\u677f\u7684\u7406\u60f3\u9078\u64c7\uff0c\u5373\u4f7f\u7a7f\u8457\u6f6e\u6fd5\u9aaf\u9ad2\u7684\u978b\u5b50\uff0c\u6216\u5168\u8eab\u6fd5\u7b54\u7b54\u7684\u56de\u5230\u5bb6\uff0c\u4e5f\u80fd\u5b8c\u5168\u52dd\u4efb\u9019\u4e9b\u72c0\u614b\u7684\u5730\u3002100%\u8212\u9069\u611fDECORIA\u00a0\u5730\u677f\u4ee5\"\u8212\u9069\"\u4f5c\u70ba\u5176\u6700\u7d14\u7cb9\u7684\u8c61\u5fb5\u3002\u5b83\u5145\u5206\u6eff\u8db3\u4e86\u60a8\u6240\u6709\u611f\u89c0\uff0c\u4ee4\u4eba\u611f\u5230\u6eab\u6696\u7684\u89f8\u611f\uff0c\u4ee5\u53ca\u8173\u4e0b\u8212\u9069\u7684\u8e29\u8e0f\u611f\u3002","og_url":"https:\/\/www.qiaoxin.link\/index.php\/decoria-wood-5301-nodic-oak\/","og_site_name":"\u6a35\u946b\u8208\u696d\u6709\u9650\u516c\u53f8","article_publisher":"https:\/\/www.facebook.com\/profile.php?id=100063976053057","article_modified_time":"2025-08-11T17:10:10+00:00","og_image":[{"url":"https:\/\/www.qiaoxin.link\/wp-content\/uploads\/2022\/10\/5301-3-1024x589.jpg"}],"twitter_card":"summary_large_image","twitter_misc":{"\u9810\u4f30\u95b1\u8b80\u6642\u9593":"1 \u5206\u9418"},"schema":{"@context":"https:\/\/schema.org","@graph":[{"@type":"WebPage","@id":"https:\/\/www.qiaoxin.link\/index.php\/decoria-wood-5301-nodic-oak\/","url":"https:\/\/www.qiaoxin.link\/index.php\/decoria-wood-5301-nodic-oak\/","name":"DECORIA WOOD\u6a39\u7cfb\u5217\uff5c5301 \u5317\u6b50\u6a61\u6728 Nodic Oak -","isPartOf":{"@id":"https:\/\/www.qiaoxin.link\/#website"},"datePublished":"2025-08-11T16:44:08+00:00","dateModified":"2025-08-11T17:10:10+00:00","description":"\u6a35\u946b\u8208\u696d\u6709\u9650\u516c\u53f8 100%\u8010\u9ad2\u7384\u95dc\u548c\u5eda\u623f\u5730\u677f\u7684\u7406\u60f3\u9078\u64c7\uff0c\u5373\u4f7f\u7a7f\u8457\u6f6e\u6fd5\u9aaf\u9ad2\u7684\u978b\u5b50\uff0c\u6216\u5168\u8eab\u6fd5\u7b54\u7b54\u7684\u56de\u5230\u5bb6\uff0c\u4e5f\u80fd\u5b8c\u5168\u52dd\u4efb\u9019\u4e9b\u72c0\u614b\u7684\u5730\u3002100%\u8212\u9069\u611fDECORIA\u00a0\u5730\u677f\u4ee5\"\u8212\u9069\"\u4f5c\u70ba\u5176\u6700\u7d14\u7cb9\u7684\u8c61\u5fb5\u3002\u5b83\u5145\u5206\u6eff\u8db3\u4e86\u60a8\u6240\u6709\u611f\u89c0\uff0c\u4ee4\u4eba\u611f\u5230\u6eab\u6696\u7684\u89f8\u611f\uff0c\u4ee5\u53ca\u8173\u4e0b\u8212\u9069\u7684\u8e29\u8e0f\u611f\u3002","breadcrumb":{"@id":"https:\/\/www.qiaoxin.link\/index.php\/decoria-wood-5301-nodic-oak\/#breadcrumb"},"inLanguage":"zh-TW","potentialAction":[{"@type":"ReadAction","target":["https:\/\/www.qiaoxin.link\/index.php\/decoria-wood-5301-nodic-oak\/"]}]},{"@type":"BreadcrumbList","@id":"https:\/\/www.qiaoxin.link\/index.php\/decoria-wood-5301-nodic-oak\/#breadcrumb","itemListElement":[{"@type":"ListItem","position":1,"name":"\u9996\u9801","item":"https:\/\/www.qiaoxin.link\/"},{"@type":"ListItem","position":2,"name":"DECORIA WOOD\u6a39\u7cfb\u5217\uff5c5301 \u5317\u6b50\u6a61\u6728 Nodic Oak"}]},{"@type":"WebSite","@id":"https:\/\/www.qiaoxin.link\/#website","url":"https:\/\/www.qiaoxin.link\/","name":"\u6a35\u946b\u8208\u696d\u6709\u9650\u516c\u53f8","description":"\u7cfb\u7d71\u50a2\u4ff1\/\u8d85\u8010\u78e8\u6728\u5730\u677f\/\u77f3\u5851SPC\u5361\u6263\/PVC\u5730\u78da\/\u5546\u7528\u5730\u6bef","publisher":{"@id":"https:\/\/www.qiaoxin.link\/#organization"},"potentialAction":[{"@type":"SearchAction","target":{"@type":"EntryPoint","urlTemplate":"https:\/\/www.qiaoxin.link\/?s={search_term_string}"},"query-input":"required name=search_term_string"}],"inLanguage":"zh-TW"},{"@type":"Organization","@id":"https:\/\/www.qiaoxin.link\/#organization","name":"\u6a35\u946b\u8208\u696d\u6709\u9650\u516c\u53f8","alternateName":"\u6a35\u6a35\u5730\u677f","url":"https:\/\/www.qiaoxin.link\/","logo":{"@type":"ImageObject","inLanguage":"zh-TW","@id":"https:\/\/www.qiaoxin.link\/#\/schema\/logo\/image\/","url":"http:\/\/www.qiaoxin.link\/wp-content\/uploads\/2021\/07\/Q-02-1.png","contentUrl":"http:\/\/www.qiaoxin.link\/wp-content\/uploads\/2021\/07\/Q-02-1.png","width":1527,"height":775,"caption":"\u6a35\u946b\u8208\u696d\u6709\u9650\u516c\u53f8"},"image":{"@id":"https:\/\/www.qiaoxin.link\/#\/schema\/logo\/image\/"},"sameAs":["https:\/\/www.facebook.com\/profile.php?id=100063976053057"]}]}},"_links":{"self":[{"href":"https:\/\/www.qiaoxin.link\/index.php\/wp-json\/wp\/v2\/pages\/4799","targetHints":{"allow":["GET"]}}],"collection":[{"href":"https:\/\/www.qiaoxin.link\/index.php\/wp-json\/wp\/v2\/pages"}],"about":[{"href":"https:\/\/www.qiaoxin.link\/index.php\/wp-json\/wp\/v2\/types\/page"}],"author":[{"embeddable":true,"href":"https:\/\/www.qiaoxin.link\/index.php\/wp-json\/wp\/v2\/users\/3"}],"replies":[{"embeddable":true,"href":"https:\/\/www.qiaoxin.link\/index.php\/wp-json\/wp\/v2\/comments?post=4799"}],"version-history":[{"count":4,"href":"https:\/\/www.qiaoxin.link\/index.php\/wp-json\/wp\/v2\/pages\/4799\/revisions"}],"predecessor-version":[{"id":4838,"href":"https:\/\/www.qiaoxin.link\/index.php\/wp-json\/wp\/v2\/pages\/4799\/revisions\/4838"}],"wp:attachment":[{"href":"https:\/\/www.qiaoxin.link\/index.php\/wp-json\/wp\/v2\/media?parent=4799"}],"curies":[{"name":"wp","href":"https:\/\/api.w.org\/{rel}","templated":true}]}}